{"id":53,"date":"2018-12-09T17:31:35","date_gmt":"2018-12-09T16:31:35","guid":{"rendered":"http:\/\/localhost:8888\/gardesnature_wp\/?page_id=53"},"modified":"2018-12-26T15:22:33","modified_gmt":"2018-12-26T14:22:33","slug":"proteger-la-nature","status":"publish","type":"page","link":"https:\/\/www.gardesnaturedefrance.org\/index.php\/accueil\/proteger-la-nature\/","title":{"rendered":"Prot\u00e9ger la nature"},"content":{"rendered":"\n<p>Partout en France, les espaces prot\u00e9g\u00e9s permettent de pr\u00e9server la biodiversit\u00e9 et de reconnecter les hommes avec la nature.<\/p>\n\n\n\n<p>Jour apr\u00e8s jour, des hommes et des femmes travaillent sur le terrain pour prendre soin de ces espaces : les gardes nature.<br><\/p>\n","protected":false},"excerpt":{"rendered":"<p>Partout en France, les espaces prot\u00e9g\u00e9s permettent de pr\u00e9server la biodiversit\u00e9 et de reconnecter les hommes avec la nature. Jour apr\u00e8s jour, des hommes et des femmes travaillent sur le terrain pour prendre soin de ces espaces : les gardes&hellip;&nbsp;<a href=\"https:\/\/www.gardesnaturedefrance.org\/index.php\/accueil\/proteger-la-nature\/\" class=\"more-link\">Lire la suite<\/a><\/p>\n","protected":false},"author":197,"featured_media":54,"parent":5,"menu_order":2,"comment_status":"closed","ping_status":"closed","template":"","meta":{"inline_featured_image":false,"footnotes":""},"class_list":["post-53","page","type-page","status-publish","has-post-thumbnail","hentry"],"_links":{"self":[{"href":"https:\/\/www.gardesnaturedefrance.org\/index.php\/wp-json\/wp\/v2\/pages\/53","targetHints":{"allow":["GET"]}}],"collection":[{"href":"https:\/\/www.gardesnaturedefrance.org\/index.php\/wp-json\/wp\/v2\/pages"}],"about":[{"href":"https:\/\/www.gardesnaturedefrance.org\/index.php\/wp-json\/wp\/v2\/types\/page"}],"author":[{"embeddable":true,"href":"https:\/\/www.gardesnaturedefrance.org\/index.php\/wp-json\/wp\/v2\/users\/197"}],"replies":[{"embeddable":true,"href":"https:\/\/www.gardesnaturedefrance.org\/index.php\/wp-json\/wp\/v2\/comments?post=53"}],"version-history":[{"count":5,"href":"https:\/\/www.gardesnaturedefrance.org\/index.php\/wp-json\/wp\/v2\/pages\/53\/revisions"}],"predecessor-version":[{"id":109,"href":"https:\/\/www.gardesnaturedefrance.org\/index.php\/wp-json\/wp\/v2\/pages\/53\/revisions\/109"}],"up":[{"embeddable":true,"href":"https:\/\/www.gardesnaturedefrance.org\/index.php\/wp-json\/wp\/v2\/pages\/5"}],"wp:featuredmedia":[{"embeddable":true,"href":"https:\/\/www.gardesnaturedefrance.org\/index.php\/wp-json\/wp\/v2\/media\/54"}],"wp:attachment":[{"href":"https:\/\/www.gardesnaturedefrance.org\/index.php\/wp-json\/wp\/v2\/media?parent=53"}],"curies":[{"name":"wp","href":"https:\/\/api.w.org\/{rel}","templated":true}]}}