{"id":125,"date":"2018-12-21T09:56:43","date_gmt":"2018-12-21T08:56:43","guid":{"rendered":"http:\/\/gardesnaturedefrance.espaces-naturels.fr\/gnf\/?p=125"},"modified":"2018-12-21T10:10:02","modified_gmt":"2018-12-21T09:10:02","slug":"international","status":"publish","type":"page","link":"https:\/\/www.gardesnaturedefrance.org\/index.php\/international\/","title":{"rendered":"International"},"content":{"rendered":"\n<p>Gardes Nature de France repr\u00e9sente la section fran\u00e7aise de l&rsquo;International Ranger Federation (IRF).<\/p>\n\n\n\n<p>Par ailleurs, depuis la cr\u00e9ation de l&rsquo;European Ranger Federation en 2017, GNF est \u00e9galement membre actif de l&rsquo;ERF. Une d\u00e9claration g\u00e9n\u00e9rale de coop\u00e9ration a \u00e9t\u00e9 sign\u00e9e au cours du 4\u00e8me congr\u00e8s europ\u00e9en des Gardes le 12 mai 2017 \u00e0 Litomerice.<br><\/p>\n","protected":false},"excerpt":{"rendered":"<p>Gardes Nature de France repr\u00e9sente la section fran\u00e7aise de l&rsquo;International Ranger Federation (IRF). Par ailleurs, depuis la cr\u00e9ation de l&rsquo;European Ranger Federation en 2017, GNF est \u00e9galement membre actif de l&rsquo;ERF. Une d\u00e9claration g\u00e9n\u00e9rale de coop\u00e9ration a \u00e9t\u00e9 sign\u00e9e au&hellip;&nbsp;<a href=\"https:\/\/www.gardesnaturedefrance.org\/index.php\/international\/\" class=\"more-link\">Lire la suite<\/a><\/p>\n","protected":false},"author":197,"featured_media":0,"parent":0,"menu_order":0,"comment_status":"closed","ping_status":"open","template":"","meta":{"inline_featured_image":false,"footnotes":""},"class_list":["post-125","page","type-page","status-publish","hentry"],"_links":{"self":[{"href":"https:\/\/www.gardesnaturedefrance.org\/index.php\/wp-json\/wp\/v2\/pages\/125","targetHints":{"allow":["GET"]}}],"collection":[{"href":"https:\/\/www.gardesnaturedefrance.org\/index.php\/wp-json\/wp\/v2\/pages"}],"about":[{"href":"https:\/\/www.gardesnaturedefrance.org\/index.php\/wp-json\/wp\/v2\/types\/page"}],"author":[{"embeddable":true,"href":"https:\/\/www.gardesnaturedefrance.org\/index.php\/wp-json\/wp\/v2\/users\/197"}],"replies":[{"embeddable":true,"href":"https:\/\/www.gardesnaturedefrance.org\/index.php\/wp-json\/wp\/v2\/comments?post=125"}],"version-history":[{"count":2,"href":"https:\/\/www.gardesnaturedefrance.org\/index.php\/wp-json\/wp\/v2\/pages\/125\/revisions"}],"predecessor-version":[{"id":128,"href":"https:\/\/www.gardesnaturedefrance.org\/index.php\/wp-json\/wp\/v2\/pages\/125\/revisions\/128"}],"wp:attachment":[{"href":"https:\/\/www.gardesnaturedefrance.org\/index.php\/wp-json\/wp\/v2\/media?parent=125"}],"curies":[{"name":"wp","href":"https:\/\/api.w.org\/{rel}","templated":true}]}}